the units digit of w?
1
Suppose q = -f - 15, 26 + 19 = -4*q + f. Let o be -6*2/q*3. What is the hundreds digit of 11/(124/40 - o)?
1
Let p be 695 + -2 + 0 + (-72)/(-24). Suppose -5*w - 696 = -2*m, m - p = -m + 3*w. What is the units digit of m?
8
Let a(k) = 6*k**2 + 12. Let c(p) = 1. Let n(j) = a(j) - 10*c(j). Let s(w) = w**2 - 32*w + 110. Let u be s(28). What is the tens digit of n(u)?
2
Suppose -4*h - 83122 = -5*z + 60985, h + 3 = 0. What is the thousands digit of z?
8
Let n(c) be the third derivative of 13*c**4/12 - 11*c**3/6 - 15*c**2. Let v be n(5). Let b = v + -76. What is the units digit of b?
3
Let w(l) = l**3 + 18*l**2 + 4*l - 11. Suppose -2*r + r = -y - 18, -r + 1 = 0. Let m be w(y). What is the hundreds digit of (-2)/3*(-6 - m)?
1
Let w be (2/4)/(10/51420). Suppose 107*g - w = 104*g. What is the units digit of g?
7
Let r(s) be the second derivative of s**4/4 - 11*s**3/6 - 4*s**2 + 13*s. Let m be r(-4). Suppose 2*w - m = 158. What is the units digit of w?
1
Let n = 299 + -561. Let c = 140 - n. What is the tens digit of c?
0
Let r(f) = 16*f**3 + 11*f**2 - 25*f + 18. What is the tens digit of r(5)?
6
Let t(x) = -865*x + 1515. What is the tens digit of t(-16)?
5
Suppose 0 = x - 5. Let w(q) = q**3 + q**2 - 6*q - 10. What is the tens digit of w(x)?
1
Let o(x) = 11*x**2 - 20 - 61*x + 0 - 6 + 46*x + 4 + 7*x**3. What is the tens digit of o(5)?
5
Suppose 7 = 4*l + 4*c - 33, -3*l + 3*c = -12. Let q(i) = i**3 - 7*i**2 - 12*i + 15. Let k be q(l). Let f = 112 + k. What is the units digit of f?
3
Let z(r) = -121*r - 94. Let k be (3 - -3) + (-55)/5. What is the tens digit of z(k)?
1
Let d(n) = 71*n + 115. Let l be ((-70)/(-75)*-3)/(8/(-20)). What is the tens digit of d(l)?
1
Let f = 7647 - 1443. What is the units digit of f?
4
What is the thousands digit of 7 - (125603/(-23) + (-1)/(-1))?
5
Let v be (4 + -1)*((-1472)/(-6) - 2). Suppose k - 5*k + 1093 = 3*p, 2*p + 4*k - v = 0. What is the hundreds digit of p?
3
Let z(b) = -b**3 + 17*b**2 + 44*b + 46. Let o(g) = -4*g**3 + 8*g + 3. Let q be o(-2). What is the units digit of z(q)?
0
Let j = -2212 - -1348. Let u = -286 - j. What is the units digit of u?
8
What is the hundreds digit of 1752824/120 - -15 - 4/(-30)?
6
Suppose -2*v + 1188*j + 84266 = 1185*j, v = 2*j + 42132. What is the units digit of v?
6
Suppose 116*w + 82*w = 2093256. What is the ten thousands digit of w?
1
Let r(a) = 13*a**2 - 2*a - 20. Let b be r(8). Suppose 0 = -0*w - 4*w - 5*l + b, 5*w = -4*l + 995. What is the hundreds digit of w?
1
Suppose 7 = -5*h + 2*w, 0 = 5*h + w + 4. Let l(i) = -25*i**3 + 2*i**2 - 2*i - 3. Let z be l(h). What is the tens digit of (1 - 3/(-6))*z?
3
Let z(y) = 484*y**2 + 476*y - 3432. What is the hundreds digit of z(7)?
6
Let k be 17 - -1*((-1 - 4) + 4). Suppose -k*q = -1853 + 237. What is the tens digit of q?
0
Let c = 134 - 136. What is the hundreds digit of 25352/88 - c/(-22)?
2
Let p = 42 - 25. Suppose 15*b + 18 = p*b. Suppose 2*m - 5*c = 257, 0 = -b*m + 4*m + c + 585. What is the tens digit of m?
1
What is the hundreds digit of 17044/18 + (-12)/432*-4?
9
Let a = 541 - 210. Let n(t) = -t**3 + 4*t**2 - t + 9. Let w be n(7). Let y = a + w. What is the tens digit of y?
8
Suppose 80*q = 95*q - 67*q + 914680. What is the tens digit of q?
9
What is the tens digit of -2 + -1 + 2 - (59 + -5574)?
1
Let x = 2166 - -3414. What is the tens digit of x?
8
Let y = 207 + -70. Suppose -2*o - 112 = 31*i - 34*i, 2*i = -0*i. Let l = y + o. What is the tens digit of l?
8
Let v = -11058 + 28727. What is the units digit of v?
9
Let y be (1/2)/(25/50). What is the tens digit of y + 303/12 - (-25)/(-100)?
2
Let f = -5 - -9. What is the hundreds digit of (5 - (f + (-57)/12))*140?
8
Let u(b) = b**2 + 19*b + 121. Let n(a) = 16*a + 115. Let i be n(-9). What is the units digit of u(i)?
1
What is the units digit of (-39)/2*32/(-9) + 14/(-42)?
9
Suppose -4*q + 12*q = 32*q - 1654584. What is the units digit of q?
1
Let h be (14/(-35))/(2/(-20)). Let m be -2*((0 - -3) + (-6)/h). Let c(v) = -39*v - 14. What is the hundreds digit of c(m)?
1
Suppose c = -2*w + 9, w - c - 12 = -4*c. Suppose 2*b + 4*l + 2 = 0, 2*b - 19 = b + w*l. What is the tens digit of 154/b + 2*2?
2
Let c = 174 + 471. Suppose -6*b + 3*b = -c. Let g = -147 + b. What is the tens digit of g?
6
Let y = 4719 - 2674. What is the units digit of y?
5
Suppose 8*n = 165 + 91. Let y = n - 29. Suppose 2*o + y*o - 40 = 0. What is the units digit of o?
8
Suppose 5*h + 10 = 4*s - 0*h, 0 = -3*h - 6. Suppose 6*b - b - 3*k - 309 = s, 5*b - 2*k = 306. What is the units digit of b?
0
Let m = -787 - -1313. Let y(g) = -4*g**2 + 367*g + 96. Let o be y(92). Suppose -m - 46 = -o*j. What is the hundreds digit of j?
1
Let l be (-7)/(-42)*12*6794/4. Suppose -l - 6704 = -7*h. What is the tens digit of h?
4
Let z = 296 - -93. What is the hundreds digit of (-1 - z)/(3/(-2))?
2
Let w(m) = 6*m**2 + 4*m + 15. Let b(u) = -u**2 - u - 1. Let h(v) = 5*b(v) + w(v). Let p be h(13). Suppose -p = 3*r - 5*r. What is the units digit of r?
3
Let s be (-4 + (-12)/(-8))*-2. Suppose 4*p - 28 = 124. Suppose 3*u - l = 2*u + 10, -s*l = 3*u - p. What is the units digit of u?
1
Let q(s) = -19*s**2 - s + 9. Let t(v) = -9*v**2 + 4. Let y(k) = -3*q(k) + 5*t(k). What is the units digit of y(4)?
7
Suppose 0 = 2*x + a + 2*a + 11, x + 18 = -4*a. Suppose -x*s - 181 = -585. Let c = -130 + s. What is the tens digit of c?
7
Let h(l) = 721*l - 628. What is the hundreds digit of h(12)?
0
Suppose -3*a - 31761 = -6*b, -2*b + 2*a + 9023 = -1567. What is the units digit of b?
2
Suppose -5*r + 15391 = -28868 - 21871. What is the thousands digit of r?
3
What is the hundreds digit of 87/(-1479) - 468897/(-51)?
1
What is the hundreds digit of ((-8)/(-10) + 105/(-175))/(1/60055)?
0
Let p(b) be the first derivative of 181*b**2 - 4*b + 66. What is the tens digit of p(1)?
5
Let y(j) = -2*j**2 + 21*j - 3. Let i be y(10). Suppose 0 = i*m - m - 24. What is the units digit of (-1)/(3/(-63)) + m?
5
Let x be (140/(-63))/(-10)*981. Suppose 3840 = -x*b + 226*b. What is the units digit of b?
0
Let d(s) = 62*s**2 - 2*s + 1. Let t(x) = 0*x**2 + 2*x**2 + 9*x + 3 - 4*x. Let h be t(-2). What is the tens digit of d(h)?
6
Suppose 0*z = -3*z + 5*d - 580, -5*d + 960 = -5*z. What is the tens digit of 2/(-20) - 54169/z?
8
Let o(v) = 2*v**2 + 15*v + 8. Let w be o(-7). Suppose -z + 3 = -w. Suppose -4*a = -3*a - 2*s - 91, z*a - 429 = -5*s. What is the hundreds digit of a?
1
Let m = -169 + 11054. What is the tens digit of m?
8
Suppose 9122 + 167 = 7*p. What is the hundreds digit of p?
3
Let p(z) = -z**3 + 10*z**2 - 4*z - 21. Let l be p(9). Suppose 27*k - 33*k = l. What is the units digit of 4 + (-893)/k + (-1)/4?
7
Let b = -3191 - -3746. What is the units digit of b?
5
Let d(a) = -1985*a + 836. What is the tens digit of d(-6)?
4
Let a(f) = -16*f + 23. Let g be a(-16). Suppose -p + 85 = g. Let x = -48 - p. What is the tens digit of x?
4
Let l(a) = a**2 - 2*a - 553. What is the units digit of l(26)?
1
Suppose 30*g - 25256 = 16*g. Let v = -429 + g. What is the thousands digit of v?
1
What is the units digit of ((-57234)/(-18))/(8 + 184/(-24))?
9
Let l(i) = -5*i**3 - 5*i**2 + 8*i - 19. Let d be l(-6). Let p = 1537 - d. What is the tens digit of p?
0
What is the units digit of -216*(-21)/140*265?
6
Suppose 5*b + 5*a = 362 + 28, -4*a - 248 = -3*b. Suppose 0 = -3*n + 1325 - b. What is the tens digit of n?
1
Suppose 2*z = 8 + 2. Suppose 0 = -3*p + 5*p - 5*j - 500, 0 = -z*p - 3*j + 1312. Suppose -c + 5*c - p = 0. What is the tens digit of c?
6
Suppose 2*h - 6*x - 2010 = -8*x, 3*x = 2*h - 2035. What is the units digit of h?
0
Let n(c) = -c**2 + 8*c - 10. Let z be n(4). Suppose 0 = 3*a - z, l + 890 = 6*l - 5*a. What is the units digit of l?
0
Suppose -5*k + 210 + 210 = 0. What is the tens digit of ((-18)/(-4))/9*k?
4
Let w = -9 + 13. Suppose w*y + 7 = 11. What is the units digit of (-5)/(-15)*69 - (y + 0)?
2
Let m(u) = 1200*u**2 - 102*u + 61. What is the ten thousands digit of m(-7)?
5
Suppose -85*y + 52*y = -2715570. What is the ten thousands digit of y?
8
What is the tens digit of 36057/(-34)*((112/6)/(-1) + 0)?
9
Let i(u) = -u - u**3 + 2*u - 10 + u**2 - 8*u**2. Suppose 19*y - 16*y - 8 = c, 0 = -5*c + 2*y - 40. What is the tens digit of i(c)?
4
Let o = 83 - -554. Suppose 217 - o 